32 is divided by 337707?
2111
What is the remainder when 221565 is divided by 73299?
1668
What is the remainder when 117416 is divided by 1241?
762
Calculate the remainder when 3300604 is divided by 69.
58
Calculate the remainder when 236003 is divided by 1967.
1930
Calculate the remainder when 18071500 is divided by 76.
68
What is the remainder when 328642 is divided by 20533?
114
What is the remainder when 174878 is divided by 7323?
6449
What is the remainder when 5312893 is divided by 2726?
2645
Calculate the remainder when 18444796 is divided by 153.
34
Calculate the remainder when 6979875 is divided by 6979871.
4
Calculate the remainder when 6387156 is divided by 173.
169
What is the remainder when 3921059 is divided by 11?
10
Calculate the remainder when 56744831 is divided by 692010.
11
What is the remainder when 99176 is divided by 600?
176
What is the remainder when 908196 is divided by 113499?
204
Calculate the remainder when 541020 is divided by 13185.
435
Calculate the remainder when 147970677 is divided by 10.
7
What is the remainder when 132227 is divided by 44012?
191
Calculate the remainder when 180405 is divided by 36072.
45
Calculate the remainder when 1876897 is divided by 1403.
1086
Calculate the remainder when 45426 is divided by 574.
80
What is the remainder when 4059212 is divided by 811839?
17
Calculate the remainder when 133093815 is divided by 66546903.
9
Calculate the remainder when 368847391 is divided by 11164.
11159
What is the remainder when 12122850 is divided by 108?
66
Calculate the remainder when 38826176 is divided by 30.
26
Calculate the remainder when 3689609 is divided by 538.
5
Calculate the remainder when 9989780 is divided by 123330.
50
Calculate the remainder when 3499818 is divided by 40693.
220
Calculate the remainder when 18286800 is divided by 57.
3
What is the remainder when 162036 is divided by 1758?
300
What is the remainder when 10685696 is divided by 300?
296
What is the remainder when 1503054 is divided by 296?
262
Calculate the remainder when 158101 is divided by 126.
97
Calculate the remainder when 272563 is divided by 136080.
403
Calculate the remainder when 20824 is divided by 461.
79
What is the remainder when 39254834 is divided by 323?
321
Calculate the remainder when 53054340 is divided by 83.
76
Calculate the remainder when 7399853 is divided by 1197.
1196
Calculate the remainder when 4580768 is divided by 1145182.
40
Calculate the remainder when 38861 is divided by 130.
121
Calculate the remainder when 5153880 is divided by 56636.
4
Calculate the remainder when 14451784 is divided by 237.
235
What is the remainder when 88307 is divided by 7263?
1151
Calculate the remainder when 188922130 is divided by 189.
187
What is the remainder when 283134 is divided by 70731?
210
What is the remainder when 214880 is divided by 1513?
34
Calculate the remainder when 115482 is divided by 2653.
1403
Calculate the remainder when 253507148 is divided by 7130.
7128
Calculate the remainder when 9633646 is divided by 5588.
5522
Calculate the remainder when 193910 is divided by 96606.
698
What is the remainder when 2325977 is divided by 1723?
1650
Calculate the remainder when 117597 is divided by 1612.
1533
Calculate the remainder when 49605113 is divided by 22.
19
What is the remainder when 35198550 is divided by 8129?
8109
Calculate the remainder when 1481296 is divided by 370271.
212
What is the remainder when 1559919 is divided by 340?
339
Calculate the remainder when 372115039 is divided by 80.
79
What is the remainder when 49682 is divided by 48427?
1255
What is the remainder when 52610 is divided by 14068?
10406
What is the remainder when 48702326 is divided by 1316279?
3
What is the remainder when 8439170 is divided by 27?
23
What is the remainder when 1073719 is divided by 373?
225
What is the remainder when 16094304 is divided by 2952?
0
Calculate the remainder when 329308632 is divided by 34023.
15
What is the remainder when 11737540 is divided by 14?
10
What is the remainder when 542383 is divided by 542378?
5
Calculate the remainder when 3449759 is divided by 8476.
27
What is the remainder when 266791 is divided by 231?
217
Calculate the remainder when 2825648 is divided by 706401.
44
What is the remainder when 586416 is divided by 34101?
6699
What is the remainder when 3522344 is divided by 131?
16
What is the remainder when 22783562 is divided by 1198?
1196
Calculate the remainder when 3251578 is divided by 133.
127
What is the remainder when 141093463 is divided by 35?
28
What is the remainder when 399640 is divided by 399565?
75
Calculate the remainder when 322157 is divided by 63374.
5287
Calculate the remainder when 14319190 is divided by 39.
28
Calculate the remainder when 17696 is divided by 291.
236
Calculate the remainder when 11418767 is divided by 3846.
3839
What is the remainder when 1155911320 is divided by 19?
17
Calculate the remainder when 593049 is divided by 597.
228
What is the remainder when 2125321 is divided by 261?
259
Calculate the remainder when 892772 is divided by 246.
38
Calculate the remainder when 6177654 is divided by 3502.
126
What is the remainder when 51627 is divided by 394?
13
What is the remainder when 1672011 is divided by 167?
7
Calculate the remainder when 111059 is divided by 10072.
267
Calculate the remainder when 759361123 is divided by 2955.
2953
Calculate the remainder when 2658 is divided by 391.
312
Calculate the remainder when 58237390 is divided by 5232.
5230
What is the remainder when 193769418 is divided by 1268?
1266
Calculate the remainder when 89579 is divided by 12304.
3451
What is the remainder when 1114496 is divided by 500?
496
What is the remainder when 4999480 is divided by 90899?
35
What is the remainder when 13030943 is divided by 399?
2
What is the remainder when 172958811 is divided by 16?
11
Calculate the remainder when 13665368 is divided by 2086.
2068
What is the remainder when 36256827 is divided by 138915?
12
Calculate the remainder when 769884 is divided by 3333.
3294
Calculate the remainder when 211798 is divided by 945.
118
What is the remainder when 17073260 is divided by 81?
80
What is the remainder when 850770 is divided by 7149?
39
Calculate the remainder when 2877270 is divided by 26.
6
What is the remainder when 1165057 is divided by 582436?
185
What is the remainder when 48205 is divided by 15974?
283
Calculate the remainder when 6745 is divided by 154.
123
What is the remainder when 33796204 is divided by 5734?
8
What is the remainder when 9084009 is divided by 38?
33
Calculate the remainder when 3252876 is divided by 16942.
12
What is the remainder when 49286 is divided by 1073?
1001
Calculate the remainder when 958604452 is divided by 3306.
3304
What is the remainder when 3678435 is divided by 408714?
9
What is the remainder when 758778 is divided by 7822?
44
Calculate the remainder when 30194757 is divided by 471793.
5
What is the remainder when 9000 is divided by 2302?
2094
Calculate the remainder when 280001762 is divided by 17.
15
What is the remainder when 104794 is divided by 1434?
112
Calculate the remainder when 4283994 is divided by 1841.
1828
Calculate the remainder when 4797953 is divided by 8836.
5
What is the remainder when 260510 is divided by 32531?
262
What is the remainder when 541890 is divided by 68?
66
What is the remainder when 2021642958 is divided by 4821?
4818
What is the remainder when 5152646 is divided by 5?
1
What is the remainder when 39889650 is divided by 271358?
24
Calculate the remainder when 11680462 is divided by 48.
46
What is the remainder when 3725487 is divided by 19505?
32
Calculate the remainder when 199213 is divided by 781.
58
Calculate the remainder when 15901717 is divided by 267.
265
Calculate the remainder when 77753701 is divided by 216.
181
Calculate the remainder when 50690 is divided by 86.
36
Calculate the remainder when 958197 is divided by 2384.
2213
Calculate the remainder when 37262 is divided by 3212.
1930
What is the remainder when 207959627 is divided by 6?
5
Calculate the remainder when 121776 is divided by 8632.
928
Calculate the remainder when 3673632 is divided by 15243.
69
What is the remainder when 6046105 is divided by 39517?
4
Calculate t